{"id":10000964,"date":"2026-04-30T16:58:40","date_gmt":"2026-04-30T16:58:40","guid":{"rendered":"https:\/\/www.colorectalcancercanada.com\/?post_type=tribe_events&#038;p=18398"},"modified":"2026-04-30T17:02:43","modified_gmt":"2026-04-30T17:02:43","slug":"groupe-de-soutien-pour-le-cancer-colorectal-a-debut-precoce-2","status":"publish","type":"tribe_events","link":"https:\/\/www.colorectalcancercanada.com\/fr\/event\/groupe-de-soutien-pour-le-cancer-colorectal-a-debut-precoce-2\/2028-03-13\/","title":{"rendered":"Groupe de soutien pour le cancer colorectal \u00e0 d\u00e9but pr\u00e9coce"},"content":{"rendered":"<div class=\"fusion-events-featured-image\">\n<div class=\"fusion-ec-hover-type hover-type-zoomin\">\n<div class=\"fusion-events-single-title-content\">\n<p data-start=\"0\" data-end=\"144\">Anim\u00e9 par notre sp\u00e9cialiste du soutien aux patients, ce groupe se r\u00e9unit <strong data-start=\"73\" data-end=\"143\">le deuxi\u00e8me mercredi de chaque mois, de 19 h \u00e0 21 h (HE), sur Zoom<\/strong>.<\/p>\n<p data-start=\"146\" data-end=\"323\">Joignez-vous \u00e0 nous pour explorer des sujets propres aux r\u00e9alit\u00e9s des personnes plus jeunes, \u00e0 travers une s\u00e9rie de pr\u00e9sentations suivies de p\u00e9riodes de questions et d\u2019\u00e9changes.<\/p>\n<\/div>\n<\/div>\n<\/div>\n<div class=\"tribe-events-single-event-description tribe-events-content entry-content description\">\n<p>Pour vous inscrire et faire partie de nos groupes de soutien, veuillez consulter le site suivant <a href=\"https:\/\/www.colorectalcancercanada.com\/fr\/ce-que-nous-faisons\/soutien\/groupes-soutien\/#support-group-forms\">Page du groupe de soutien en cliquant sur ce lien<\/a>.<\/p>\n<\/div>\n","protected":false},"excerpt":{"rendered":"<p>Anim\u00e9 par notre sp\u00e9cialiste du soutien aux patients, ce groupe se r\u00e9unit le deuxi\u00e8me mercredi de chaque mois, de 19 h \u00e0 21 h (HE), sur Zoom. Joignez-vous \u00e0 nous pour explorer des sujets propres aux r\u00e9alit\u00e9s des personnes plus jeunes, \u00e0 travers une s\u00e9rie de pr\u00e9sentations suivies de p\u00e9riodes <a href=\"https:\/\/www.colorectalcancercanada.com\/fr\/event\/groupe-de-soutien-pour-le-cancer-colorectal-a-debut-precoce-2\/2028-03-13\/\">&#8230;<\/a><\/p>\n","protected":false},"author":6,"featured_media":18399,"template":"","meta":{"_price":"","_stock":"","_tribe_ticket_header":"","_tribe_default_ticket_provider":"","_tribe_ticket_capacity":"0","_ticket_start_date":"","_ticket_end_date":"","_tribe_ticket_show_description":"","_tribe_ticket_show_not_going":false,"_tribe_ticket_use_global_stock":"","_tribe_ticket_global_stock_level":"","_global_stock_mode":"","_global_stock_cap":"","_tribe_rsvp_for_event":"","_tribe_ticket_going_count":"","_tribe_ticket_not_going_count":"","_tribe_tickets_list":"[]","_tribe_ticket_has_attendee_info_fields":false,"_tribe_events_status":"","_tribe_events_status_reason":"","_tribe_events_is_hybrid":"","_tribe_events_is_virtual":"","_tribe_events_virtual_video_source":"","_tribe_events_virtual_embed_video":"","_tribe_events_virtual_linked_button_text":"","_tribe_events_virtual_linked_button":"","_tribe_events_virtual_show_embed_at":"","_tribe_events_virtual_show_embed_to":[],"_tribe_events_virtual_show_on_event":"","_tribe_events_virtual_show_on_views":"","_tribe_events_virtual_url":"","footnotes":"","_tec_slr_enabled":"","_tec_slr_layout":""},"tags":[],"tribe_events_cat":[67],"class_list":["post-10000964","tribe_events","type-tribe_events","status-publish","has-post-thumbnail","hentry","tribe_events_cat-groupes-de-soutien","cat_groupes-de-soutien","tribe-recurring-event","tribe-recurring-event-parent"],"ticketed":false,"_links":{"self":[{"href":"https:\/\/www.colorectalcancercanada.com\/fr\/wp-json\/wp\/v2\/tribe_events\/10000964","targetHints":{"allow":["GET"]}}],"collection":[{"href":"https:\/\/www.colorectalcancercanada.com\/fr\/wp-json\/wp\/v2\/tribe_events"}],"about":[{"href":"https:\/\/www.colorectalcancercanada.com\/fr\/wp-json\/wp\/v2\/types\/tribe_events"}],"author":[{"embeddable":true,"href":"https:\/\/www.colorectalcancercanada.com\/fr\/wp-json\/wp\/v2\/users\/6"}],"version-history":[{"count":0,"href":"https:\/\/www.colorectalcancercanada.com\/fr\/wp-json\/wp\/v2\/tribe_events\/10000964\/revisions"}],"wp:featuredmedia":[{"embeddable":true,"href":"https:\/\/www.colorectalcancercanada.com\/fr\/wp-json\/wp\/v2\/media\/18399"}],"wp:attachment":[{"href":"https:\/\/www.colorectalcancercanada.com\/fr\/wp-json\/wp\/v2\/media?parent=10000964"}],"wp:term":[{"taxonomy":"post_tag","embeddable":true,"href":"https:\/\/www.colorectalcancercanada.com\/fr\/wp-json\/wp\/v2\/tags?post=10000964"},{"taxonomy":"tribe_events_cat","embeddable":true,"href":"https:\/\/www.colorectalcancercanada.com\/fr\/wp-json\/wp\/v2\/tribe_events_cat?post=10000964"}],"curies":[{"name":"wp","href":"https:\/\/api.w.org\/{rel}","templated":true}]}}

Groupe de soutien pour le cancer colorectal à début précoce

<div class="fusion-events-featured-image">
<div class="fusion-ec-hover-type hover-type-zoomin">
<div class="fusion-events-single-title-content">
<p data-start="0" data-end="144">Animé par notre spécialiste du soutien aux patients, ce groupe se réunit <strong data-start="73" data-end="143">le deuxième mercredi de chaque mois, de 19 h à 21 h (HE), sur Zoom</strong>.</p>
<p data-start="146" data-end="323">Joignez-vous à nous pour explorer des sujets propres aux réalités des personnes plus jeunes, à travers une série de présentations suivies de périodes de questions et d’échanges.</p>
</div>
</div>
</div>
<div class="tribe-events-single-event-description tribe-events-content entry-content description">
<p>Pour vous inscrire et faire partie de nos groupes de soutien, veuillez consulter le site suivant <a href="https://www.colorectalcancercanada.com/fr/ce-que-nous-faisons/soutien/groupes-soutien/#support-group-forms">Page du groupe de soutien en cliquant sur ce lien</a>.</p>
</div>

<p>Animé par notre spécialiste du soutien aux patients, ce groupe se réunit le deuxième mercredi de chaque mois, de 19 h à 21 h (HE), sur Zoom. Joignez-vous à nous pour explorer des sujets propres aux réalités des personnes plus jeunes, à travers une série de présentations suivies de périodes <a href="https://www.colorectalcancercanada.com/fr/event/groupe-de-soutien-pour-le-cancer-colorectal-a-debut-precoce-2/2028-03-13/">&#8230;</a></p>
